he highest common factor of 80665 and 426530.
1105
Calculate the highest common divisor of 1932 and 890008.
644
What is the highest common factor of 250 and 278150?
50
Calculate the greatest common divisor of 14508 and 57564.
468
Calculate the greatest common divisor of 22629 and 2451.
57
What is the highest common factor of 356737 and 1?
1
Calculate the highest common factor of 82 and 433083.
41
Calculate the greatest common divisor of 3487 and 994429.
317
What is the greatest common divisor of 111 and 30007?
37
Calculate the highest common divisor of 72 and 191048.
8
Calculate the greatest common factor of 392 and 2391788.
196
What is the greatest common factor of 12 and 306240?
12
Calculate the highest common factor of 110688 and 336.
48
What is the highest common divisor of 899 and 6177?
29
Calculate the highest common divisor of 597 and 3.
3
Calculate the highest common divisor of 6230 and 10769.
89
Calculate the greatest common divisor of 198 and 82302.
66
Calculate the greatest common factor of 30 and 1340.
10
Calculate the highest common factor of 18 and 6232986.
18
What is the greatest common divisor of 59055 and 3?
3
Calculate the greatest common factor of 75150 and 225.
225
Calculate the highest common factor of 260 and 43368.
52
Calculate the greatest common divisor of 7 and 218232.
7
Calculate the greatest common factor of 17 and 15487.
17
Calculate the greatest common divisor of 20739 and 651.
93
What is the greatest common divisor of 192453 and 9?
3
Calculate the highest common divisor of 2668 and 274746.
58
Calculate the highest common factor of 436823 and 206.
103
What is the greatest common factor of 415 and 390100?
415
Calculate the highest common divisor of 42107 and 395.
79
What is the greatest common factor of 10637 and 3047?
11
What is the highest common factor of 5849743 and 811?
811
What is the highest common divisor of 12463 and 1339?
103
What is the highest common divisor of 1133 and 62161?
11
Calculate the highest common divisor of 2668 and 3422.
58
What is the greatest common factor of 8313 and 204?
51
Calculate the greatest common factor of 1596 and 6916.
532
Calculate the greatest common divisor of 115 and 540684.
23
What is the greatest common factor of 55 and 176165?
55
Calculate the greatest common divisor of 5474 and 225998.
782
What is the greatest common factor of 306 and 19134?
18
What is the highest common divisor of 108 and 92799?
27
Calculate the highest common factor of 38 and 3362.
2
Calculate the greatest common factor of 1096997 and 341.
341
What is the greatest common divisor of 1025 and 943?
41
What is the greatest common divisor of 70018 and 234?
26
What is the highest common divisor of 706 and 102?
2
What is the highest common factor of 33 and 1139919?
33
What is the greatest common divisor of 153 and 4478718?
51
What is the greatest common divisor of 24846 and 6642?
246
What is the highest common factor of 48 and 261856?
16
What is the highest common divisor of 81 and 54261?
9
What is the highest common factor of 92796 and 4921?
703
What is the highest common factor of 3672 and 874152?
216
What is the highest common factor of 2880 and 9468?
36
What is the highest common factor of 1816 and 167526?
454
Calculate the greatest common factor of 212539 and 771.
257
What is the highest common factor of 3110 and 1280?
10
What is the greatest common divisor of 864 and 70146?
54
What is the highest common factor of 64 and 36735?
1
Calculate the greatest common divisor of 268569 and 116.
29
What is the greatest common divisor of 3929150 and 150?
50
Calculate the greatest common divisor of 1640 and 7840.
40
What is the greatest common factor of 2424 and 5050?
202
Calculate the greatest common divisor of 656 and 77326.
82
Calculate the greatest common factor of 267 and 35600.
89
Calculate the greatest common factor of 33 and 51304.
11
What is the greatest common factor of 12 and 1821?
3
What is the highest common divisor of 2 and 1138?
2
What is the greatest common divisor of 267820 and 686?
14
Calculate the greatest common factor of 164460 and 220.
20
Calculate the highest common divisor of 23426 and 2414.
34
Calculate the greatest common factor of 8084 and 1290.
86
Calculate the highest common divisor of 69326 and 221.
17
Calculate the highest common divisor of 487248 and 144.
48
What is the greatest common divisor of 315018 and 1110?
222
Calculate the highest common factor of 3005 and 85.
5
What is the highest common factor of 882 and 1000629?
441
Calculate the greatest common divisor of 663026 and 273.
91
What is the greatest common factor of 3090 and 20610?
30
Calculate the highest common divisor of 94316 and 280466.
2482
Calculate the greatest common factor of 629131 and 71.
71
What is the greatest common divisor of 200050 and 75?
25
Calculate the greatest common factor of 108985 and 135080.
1535
What is the greatest common factor of 1184842 and 474?
158
Calculate the greatest common factor of 49668 and 8.
4
Calculate the highest common divisor of 1257 and 3214149.
1257
What is the greatest common divisor of 318 and 190482?
318
Calculate the highest common factor of 99 and 37818.
99
Calculate the highest common factor of 20 and 526024.
4
Calculate the greatest common factor of 11900 and 42350.
350
Calculate the greatest common factor of 399 and 1099959.
21
What is the highest common divisor of 21 and 18214?
7
What is the highest common factor of 3077 and 2448?
17
What is the highest common factor of 1725 and 59455?
115
Calculate the greatest common factor of 300 and 798900.
300
What is the greatest common factor of 39700 and 6?
2
What is the greatest common divisor of 2293312 and 5376?
448
What is the highest common factor of 1443 and 950937?
1443
What is the greatest common factor of 48 and 85536?
48
Calculate the greatest common factor of 111540 and 110.
110
Calculate the greatest common divisor of 1597968 and 240.
48
Calculate the highest common factor of 2090 and 2067428.
418
Calculate the greatest common divisor of 674325 and 1458.
729
Calculate the greatest common divisor of 2321 and 979.
11
Calculate the greatest common factor of 814016 and 3220.
644
What is the highest common factor of 118 and 86022?
118
Calculate the greatest common factor of 1876 and 373190.
134
What is the greatest common factor of 1083 and 4617?
57
What is the greatest common divisor of 2615 and 2632259?
523
What is the greatest common divisor of 10 and 92450?
10
What is the highest common factor of 175 and 119675?
25
Calculate the highest common divisor of 6443 and 2329.
17
Calculate the greatest common divisor of 32960 and 400.
80
What is the highest common factor of 595 and 538237?
119
What is the greatest common divisor of 1290 and 410?
10
Calculate the greatest common factor of 3483 and 9417.
129
What is the greatest common factor of 36 and 1479654?
18
Calculate the greatest common factor of 80 and 272912.
16
What is the highest common divisor of 754464 and 24932?
1084
Calculate the greatest common divisor of 1176 and 460404.
588
What is the greatest common divisor of 42 and 39501?
21
What is the greatest common divisor of 427 and 33733?
427
Calculate the greatest common factor of 62820 and 480.
60
What is the greatest common divisor of 109812 and 12?
12
Calculate the highest common divisor of 1428 and 3018.
6
Calculate the greatest common factor of 7614 and 507318.
282
Calculate the greatest common divisor of 3861 and 16497.
351
What is the greatest common divisor of 7497 and 1827?
63
Calculate the greatest common divisor of 1005475 and 1850.
925
Calculate the greatest common factor of 10212 and 11544.
444
Calculate the greatest common divisor of 68913 and 558.
279
What is the highest common divisor of 97451 and 1633?
23
Calculate the highest common divisor of 13 and 11340303.
13
What is the greatest common factor of 1807 and 949?
13
What is the highest common divisor of 26 and 556998?
26
What is the greatest common factor of 108 and 7860?
12
Calculate the highest common divisor of 957 and 9831.
87
Calculate the highest common divisor of 528 and 1024.
16
Calculate the greatest common factor of 637988 and 52.
52
Calculate the highest common factor of 96272 and 374.
22
What is the greatest common divisor of 1450 a